*p, -2*p + 2*q = -109698. What are the prime factors of p?
2, 3, 41, 223
Suppose 98*a = 1076706 + 1960608. List the prime factors of a.
3, 10331
Let q = -18 - 112. Let k = -57 - q. What are the prime factors of k?
73
Suppose -1 = 4*u - 21. Suppose u*k - 115 = -c, 3*k - 5*k - 3*c = -33. Suppose -y + 5*f = -k, -y - 3*f + 30 = -2*f. List the prime factors of y.
29
What are the prime factors of 3/9 + 7/(-12) - 1232275/(-44)?
2, 11, 19, 67
Suppose -3*v = 13 - 55. Let i(o) = 6 + 7*o + v*o**2 + 0*o**2 + o**3 - 24*o. List the prime factors of i(-15).
2, 3
Suppose -724*k - 31218 = -4*r - 723*k, -r - 5*k = -7815. What are the prime factors of r?
5, 7, 223
Suppose -8*z - 6660 = 22*z. Let f = z - -321. What are the prime factors of f?
3, 11
Let y = 34064 - 6360. List the prime factors of y.
2, 3463
Suppose -6 = 2*h, 5*p - 4*p + 5*h = -16. Let v(n) = -460*n**3 - 2*n**2 - 4*n - 3. List the prime factors of v(p).
3, 17
Suppose -4*t + 22 = 2*o, 8*t - 2*o = 3*t + 14. Suppose d - 100 - 133 = -2*g, -t*g + 16 = 0. List the prime factors of d.
3, 5
Let n(f) = 291*f**3 - 15*f**2 + 106*f + 5. What are the prime factors of n(5)?
5, 7307
Suppose 11*z + 132 = 8*z. Let k be (-6)/(2 - 0 - (-90)/z). Let v = k - 51. What are the prime factors of v?
3
Let j(c) = 105*c - 18. Let m be j(-1). Let z = m - -258. List the prime factors of z.
3, 5
Let w(b) = -b**2 - 16*b + 29. Let d be w(-12). Let f = d - -61. List the prime factors of -3 + (42/(-70) - f/(-5)).
2, 3
Let p be (-33 - -32)/((-1)/9). Suppose -6*b + 1758 = 3*f - p*b, -3*f - 3*b = -1728. What are the prime factors of f?
7, 83
Let n = -3676 - -4347. List the prime factors of n.
11, 61
Suppose -18*k - 41*k = -26*k - 788403. What are the prime factors of k?
7, 3413
Suppose -37*i = -46*i + 792. Suppose -2*d + j + 109 + i = 0, d - 3*j = 101. What are the prime factors of d?
2, 7
Suppose 112 = -t - 191. Let a = t - -366. List the prime factors of a.
3, 7
Let n be (-2)/(-10) + 4*(-343)/(-140). Suppose -4*g = 5*u - 1963, -5*g = -n*g + 10. List the prime factors of u.
17, 23
Let w(j) = -2*j**3 - 3*j**2 + 6*j - 11. Let k be w(-5). Let t = k - 38. List the prime factors of t.
2, 3
Suppose 6*w = 2*w + 16. Suppose -16 = -4*f - 4*r, -4*f + 2 = -w*r - 22. Suppose -5*l + 2*g = -534, -418 = -5*l + f*g + 122. What are the prime factors of l?
2, 53
Let f(u) = 143*u**2 + 64*u + 86. What are the prime factors of f(-8)?
2, 4363
Suppose -19*g - 60254 = -81072 - 67703. List the prime factors of g.
3, 1553
Let l(m) = 47*m**3 + 6*m**2 + 39*m - 156. What are the prime factors of l(5)?
2, 379
Let n = -6851 - -4287. List the prime factors of (-2 - n)*(-6)/(-9).
2, 7, 61
Suppose 16*c + 452 = 12*c. Let z = -66 - c. List the prime factors of z.
47
Let f(g) = -g**2 + 2 + 95*g - 12 - 5 - 82*g. Let w be f(10). List the prime factors of (-178)/(-5) - ((-21)/w + 1).
2, 3
Suppose 46*o + 4*j - 68752 = 44*o, 0 = o - j - 34397. List the prime factors of o.
2, 5, 19, 181
What are the prime factors of (-15624)/(-2) - ((-29 - -14) + 20)?
37, 211
Suppose -4*t + 7*t = 48792. What are the prime factors of t?
2, 19, 107
Let j(g) = 3*g + 6*g**2 - 3*g**2 + 7*g**2 - 5*g**2 + 18. Let o(k) = 4*k**2 + 3*k + 18. Let n(y) = 5*j(y) - 6*o(y). What are the prime factors of n(7)?
2, 5
Suppose 31*a - 18809 - 61245 = 134807. List the prime factors of a.
29, 239
Let z be (-1)/(3 - 2) + (-36)/(-6). Suppose -z*m + 274 = -256. What are the prime factors of m?
2, 53
Let o = -29194 + 54494. List the prime factors of o.
2, 5, 11, 23
Suppose 0*y - 3*y + 9 = 0, 6*x - 5*y - 9105 = 0. What are the prime factors of x?
2, 5, 19
Let k = -4113 - -4981. What are the prime factors of k?
2, 7, 31
Suppose 29*u = 51 + 65. Suppose u*v - 5316 = -5*k, 17*k - 1332 = -v + 15*k. What are the prime factors of v?
2, 331
Let q be 6615 + (-2 + 1 - (-1 + 0)). What are the prime factors of 2/(10/q*7)?
3, 7
Suppose 12 = 3*b, 2*y - 7807 + 2217 = 2*b. What are the prime factors of y?
3, 311
Suppose 72 = 4*i - 8. Suppose -i*t + 4*t - 448 = 0. What are the prime factors of (14/t)/((-2)/1076)?
269
Suppose -9*r = -2*r. Suppose r = 7*a + 16 - 2. What are the prime factors of 9/6 + a/(12/(-243))?
2, 3, 7
Let f(u) = 8*u**2 + u - 53. Let t(r) = 9*r + 9. Let q be t(0). What are the prime factors of f(q)?
2, 151
Let k(w) = -w**2 + 1. Let s(i) = -i**3 + 5*i**2 + 14*i. Let x be s(7). Let z be k(x). What are the prime factors of 47 - (-1 + z + 2)?
3, 5
Suppose 4*p = -3*f + 12, f + 4 = -2*p + 2*f. Suppose 58*c - 56*c - 20 = p. List the prime factors of c/(-15)*(0 + 522/(-4)).
3, 29
Let a = 5564 - 3095. List the prime factors of a.
3, 823
Let a(q) = 159*q - 10356. List the prime factors of a(116).
2, 3, 337
Let y be (0 + 6/(-4))*(-6 - -4). Suppose 2*u + 192 = 3*z, -3*z - y*u + 167 = -10. Let w = 73 - z. What are the prime factors of w?
11
Let c(v) = -v**2 - 25*v + 129. Let l be c(-27). Suppose -4*a + 116 = 4*o - 64, 0 = -o - 3*a + 47. Let m = l - o. List the prime factors of m.
31
Suppose 0 = 2*a - 44*a - 0*a + 1083306. What are the prime factors of a?
25793
Let c(p) = 2156*p - 185. List the prime factors of c(4).
3, 29, 97
Let u be (2 + -15)/104 + (-4865)/(-8). Suppose -4*o - u + 5796 = 0. What are the prime factors of o?
1297
Suppose -19*t - 32376 = -177488 - 59860. What are the prime factors of t?
2, 3, 29, 31
What are the prime factors of (0 - 8)/(((-24)/12387)/4)?
2, 4129
Let u be 146/(4*(0 + (-2)/(-12))). Let v = 725 - u. List the prime factors of v.
2, 11, 23
Let o = -2852 + 2925. Let q be 87 + (-5)/((-5)/2). Let c = q - o. What are the prime factors of c?
2
Let l(y) be the second derivative of y**6/180 - y**5/40 - y**4 - 22*y. Let a(g) be the third derivative of l(g). List the prime factors of a(18).
3, 23
Let v(t) = 10*t**2 - 24*t + 3. Let l be v(10). Suppose 3*q = -2*u + 571, 3*u = 4*q - 8*q + l. Suppose 0 = 2*c - 75 - q. What are the prime factors of c?
131
Let l = -7748 + 15557. What are the prime factors of l?
3, 19, 137
Let q be ((-1376)/80)/(2*(-4)/1640). Suppose g + 293 = 4*b - q, 5*g = -15. List the prime factors of b.
2, 3, 53
Let x(t) = -4*t**3 + t**2 - 1. Let a(o) = 15*o**3 - 19*o**2 - 25*o - 89. Let w(r) = a(r) + 4*x(r). List the prime factors of w(-14).
61
Let u(v) = 1 - 8*v - 285*v**2 + 547*v**2 + 1056*v**2 - 2*v. List the prime factors of u(1).
7, 11, 17
Suppose 19*w - 20*w = 4*b - 42707, 0 = 2*w - 2*b - 85454. What are the prime factors of w?
3, 47, 101
Let g(k) = -k**2 + 7*k + 61. Suppose -2*a + 25 = 3*a + 5*b, -b = 3*a - 5. Let q be g(a). List the prime factors of (q/2)/((-3)/(-12)) - -4.
2, 3, 7
Suppose s + 1544 = 4925. What are the prime factors of s?
3, 7, 23
Let j = -1 - -100. Suppose -5*x + x + 88 = 0. Let o = j + x. List the prime factors of o.
11
List the prime factors of 3 + 2 + (4/10 - (-2493218)/130).
2, 11, 109
Suppose 8*m + 3*o = 3*m + 245, -189 = -4*m - o. Suppose r = c + 121, 43*r = m*r + 5*c - 363. List the prime factors of r.
11
Suppose 2*d - 3*q - 33 = -2*d, 5*q = -4*d + 9. Suppose 0 = d*j + j - 3976. List the prime factors of j.
2, 71
Suppose -2*s - 5*m + 31 = 0, 3*s + 5*m - 34 = -0*s. Suppose p + s*p = 20. Suppose p*o + 5*i - 715 = 0, -5*i - 469 = -2*o - o. List the prime factors of o.
2, 37
Suppose 9*t + 39 = 22*t. Let n(x) = 0*x + t*x - 5 + 31 + 2*x. What are the prime factors of n(15)?
101
Let l be (-3 - (-10)/4)*2. Let g = l - -3. Suppose g*k = 3*k - 33. What are the prime factors of k?
3, 11
Let r(l) be the second derivative of -17*l**5/20 - l**4/12 - l**3/6 - 2*l**2 - 37*l + 2. What are the prime factors of r(-3)?
449
Suppose 2*h = 6*h + 3*g + 2133, -1065 = 2*h + 3*g. Let c = h + 541. What are the prime factors of c?
7
Let s = -39114 + 90411. What are the prime factors of s?
3, 17099
Suppose 0*h = -2*h - 4*l + 12, h = -4*l + 14. Let v(b) = b + 5 - 2*b + 2*b - 6*b. What are the prime factors of v(h)?
3, 5
Let t be ((-65)/10 - -5)*-2. Suppose -93 = -3*n + 2*c, -t*n - c = 2*c - 108. Let v = 111 - n. List the prime factors of v.
2, 3, 13
Let r(l) = -4*l**2 - 23*l - 40. Let n be r(-18). Let k = -349 - n. List the prime factors of k.
3, 191
Let p(s) = 1298*s**2 - 97*s + 386. List the prime factors of p(5).
11, 17, 173
Suppose -5*w + 11*w + 72 = 0. List the prime factors of ((-423)/w)/(3/4).
47
Suppose -4 = 4*d, -3*j + 14 = -3*d - 7. What are the prime factors of ((-468)/j)/(-2)*(